). Suppose -2*y - 5*m = -33, 3*m + f = 3*y + 2*m. Is y composite?
False
Let b = -1 - -4. Suppose 5*r = m + 111, 85 - 5 = 4*r - b*m. Is r composite?
False
Let r(y) = 141*y + 23. Let j(c) = -70*c - 11. Let l(k) = -9*j(k) - 4*r(k). Is l(7) prime?
False
Let h(u) = -8*u**3 + 6*u**2 + 10*u + 17. Is h(-5) a composite number?
False
Let l(h) = -h**2 - 7*h - 5. Let x be l(-5). Let a be (4/x)/(4/(-20)). Is ((-22)/4)/(a/56) composite?
True
Suppose 3*h + 3 = -g, -5*g = 2*h + 2*h + 15. Let d be 0 - (h - (3 + -3)). Suppose -4*o + o + 18 = d. Is o prime?
False
Suppose 329 - 29 = 2*v. Let f = v + -79. Is f a composite number?
False
Let i(p) = -p**3 - 6*p**2 + p + 11. Is i(-8) a composite number?
False
Let k be (-3)/(-2)*(5 - 7). Is (-473)/k + 6/(-9) a prime number?
True
Let p = -44 + 139. Suppose 0 = -2*k + 95 + p. Is k composite?
True
Let g = 18 - 15. Suppose -x = 3*w - 266, -4*x - w - g*w = -1072. Is x a composite number?
False
Let g be 0*(-1)/(-2) + 5. Suppose -73 = -g*v + 102. Is v a composite number?
True
Is ((-3)/6)/((-2)/37964) prime?
True
Suppose 105 + 154 = o. Is o prime?
False
Suppose -590 = -5*v - 4*n, 4*v - 2*n - 548 + 76 = 0. Suppose -3*k - 256 = -5*r, -r - 4*k = r - v. Is r a prime number?
True
Suppose 0 = 5*q, r + q = 2*q + 8. Suppose 5*l = 1007 + r. Is l composite?
True
Is (-3155)/(-1 - (-6 + 6)) a composite number?
True
Is 1/(54/(-55) + 1) prime?
False
Is (-6)/(3/(-1)) + 190/2 composite?
False
Let b be -4 - 2*-1 - 373. Let k be b/(-4) - (-3)/12. Suppose 0*q + 5*q - 158 = -3*u, u - k = -3*q. Is q a composite number?
False
Let o = -4 + -3. Let s = o + 14. Is s composite?
False
Let f(c) = -5 + 32*c + 1 + 2 + 27*c. Is f(5) composite?
False
Suppose -d - 3*r + 94 = 0, -d + 2*r + r + 64 = 0. Is d a composite number?
False
Let w = 61 - 27. Let u = 65 - w. Is u prime?
True
Suppose 0 = -6*j + 8*j - 222. Is j a prime number?
False
Suppose -99 = 6*r - 5*r. Is (-3)/((-3)/4) - r a prime number?
True
Suppose -4*g = -12, 3*g = -y + 4*g - 159. Let p = y - -221. Suppose -4*h + p + 75 = 0. Is h prime?
False
Let u(x) = 0*x**3 - 1 + 2 - x - x**2 + 3*x**3. Suppose 3*v - 13 = 2*g - 2, -5*v + 25 = 0. Is u(g) prime?
True
Suppose -2*j + 3*j = 3*n + 3, 0 = j + 4*n + 4. Let w(h) = h - 15. Let m be w(j). Let d = m - -28. Is d composite?
False
Let q(p) = 9. Let x(n) = -n. Let h(g) = q(g) - x(g). Let z be h(-4). Suppose -i = -z*v - 95 - 2, -12 = 3*v. Is i composite?
True
Let a(w) = -w**3 + w**2 + 5*w - 8. Let z = -13 - -7. Is a(z) composite?
True
Let i(u) = -87*u + 2. Is i(-1) a prime number?
True
Let n(o) = -o**3 + o**2 + o + 2. Let h be n(0). Suppose -h*g = -126 + 32. Is g prime?
True
Let a(y) = 4*y**2 + y + 1. Let r be a(-1). Suppose -3*x - 4*n = 2*x - 331, -r*x + 272 = -4*n. Is x composite?
False
Let r(f) = 116*f + 3. Is r(5) prime?
False
Suppose 8*p - 3*s - 160 = 3*p, 3*s - 128 = -4*p. Suppose 0 = 3*r - p - 67. Is r a composite number?
True
Suppose 3*n + 6*p = 2*p + 523, 4*p + 893 = 5*n. Suppose 3*j + n - 60 = 0. Let g = 14 - j. Is g a prime number?
True
Let n(i) = -i**2 + 8*i + 4. Let u be n(5). Let l = 28 - u. Is l composite?
True
Suppose j + 3*w + 1173 = 4*j, 5*j + 4*w = 1991. Let o = -1 + 5. Suppose p = -o*p + j. Is p prime?
True
Let o = -2206 + 3791. Is o composite?
True
Is (10 - 9)/(1/83) a composite number?
False
Let l(t) = t**2 + 7*t - 1. Is l(-16) a composite number?
True
Let w be ((-5)/15)/(2/(-42)). Suppose -4*o + w*o = 66. Is o composite?
True
Let o(k) = -102*k + 3. Let a(u) = u. Let p(l) = -3*a(l) - o(l). Let t be p(2). Suppose z - t = -2*x, 5*z + 2*x - 3*x - 953 = 0. Is z a prime number?
True
Let y(s) = 10*s**2 - 5*s + 8. Let l be y(-6). Suppose 4*g - 2*q = l, -2*g - 5*q + 169 = -0*g. Is g a prime number?
True
Is ((-10029)/(-9) + (-2)/6)/2 a composite number?
False
Let t be (-2)/(-5) + (-46)/(-10). Let x(m) = 4*m**2 + m + 7 - 2*m**2 + m. Is x(t) prime?
True
Let v(t) = 160*t - 85*t + 0 - 2. Is v(3) prime?
True
Suppose -4*y + 10*i + 10978 = 8*i, y - 2752 = 3*i. Is y composite?
True
Suppose -5*m + 13074 - 3269 = 0. Is m prime?
False
Is ((-58)/(-10))/((-6)/(-90)) prime?
False
Let o = -2 - -1. Let n = 3 - -1. Let s = o + n. Is s a composite number?
False
Suppose 2*u = -2*w - 324 - 114, -1067 = 5*w - 2*u. Let n be 3/(-21)*-2 + (-4364)/(-14). Let o = w + n. Is o a composite number?
False
Suppose -4257 - 4378 = -5*g. Is g a composite number?
True
Suppose -2 - 8 = -5*t. Suppose 4*m + m - 5 = -5*p, -t*m + 11 = -p. Let l = 23 - m. Is l a composite number?
False
Let l(r) = r**3 - 4*r**2 + r + 1. Let b be l(3). Let j(i) = 8*i**2 - 5*i. Let d be j(b). Suppose 0 = -k + 3*c - 7*c + 67, -2*c = -5*k + d. Is k a prime number?
True
Let l(j) = -j**3 - j**2 - 2*j - 1. Let s be l(-2). Let h(k) = 4*k + 3. Is h(s) composite?
False
Suppose 3*l - 12*l = -4221. Is l a composite number?
True
Let t be (-2 - -3)*2*-1. Let x be t/(-2) + (-264)/2. Let w = 32 - x. Is w a prime number?
True
Suppose -4*d - d + 25 = 0. Suppose 3*c = -2*c + d. Is (2 - 3)*(c - 20) composite?
False
Let m(p) = p**3 + 490. Let j be m(0). Let z = j + -21. Is z a composite number?
True
Let g = -585 + 850. Is g a composite number?
True
Is (-2 - (-1872)/15)/((-8)/(-20)) composite?
False
Let r(i) = -3*i**2 - 8*i - 7. Let d(w) = w**2 - 1. Let m(g) = -4*d(g) - r(g). Let x be m(9). Suppose 0 = k + x*k - 2*h - 365, -h = 4. Is k composite?
True
Suppose -w - 1068 = -5*w. Let a(h) = h**3 - 5*h**2 + 4*h. Let m be a(4). Suppose w = 3*j - 3*f, m = -j - 4*f + 3*f + 85. Is j a prime number?
False
Let v be ((-1)/2)/((-2)/16). Suppose -v*w + 2*q = -16 - 0, w - 22 = -4*q. Is w prime?
False
Suppose 3*a = 6, -4*z + a - 6 = -4. Suppose z = -2*u + 4*u - 106. Is u a prime number?
True
Let s = 95 - -270. Suppose 479 + s = 4*c. Is c prime?
True
Suppose 2*j + 2*j = -4. Let y = 5 + j. Suppose y*r + 248 = 4*t, 4*t + 4*r - 234 - 38 = 0. Is t a prime number?
False
Let o(r) = r. Let y = -5 - -12. Let u be o(y). Suppose -2*l = -u*l + 45. Is l composite?
True
Let s = 633 - 314. Is s a prime number?
False
Suppose 0*q = -3*q - 84. Let v be 2/6 + q/12. Is (v + 3 - -23) + -1 a prime number?
True
Suppose v + 660 = 2*z, 3*z + 981 = 6*z + 3*v. Is z composite?
True
Let d(o) = -o**3 - 18*o**2 - 23*o + 9. Is d(-17) prime?
False
Let h(k) = 2 + 2*k**3 + 7*k**2 - 3*k**3 - 11 - 4*k. Let g be h(7). Is g*2*1/(-2) a prime number?
True
Let p(h) = 5*h - 4. Let j be p(2). Suppose -j*g + 332 = -4*g. Is g composite?
True
Let d = -11 - -11. Suppose y + 3*g = -0*g + 6, 2*y = 4*g + 2. Suppose d = j - y*j + 44. Is j a prime number?
False
Let f(m) = 3*m**2 + 4*m**3 + 2 + 4 + 11*m - 5*m**3 - 4*m. Let q be f(-4). Let y = q - 59. Is y a composite number?
False
Suppose -8*i + 13*i + 2*u = 2459, -4*u + 2463 = 5*i. Is i composite?
False
Let u(w) = -5*w**2 + 2*w + 1. Let h(n) = -11*n**2 + 5*n + 1. Let g(s) = -6*h(s) + 13*u(s). Is g(10) a prime number?
True
Let w(r) = -r + 4. Let t be w(4). Let m be 5/(15/9) - 3. Suppose m = -t*h + 2*h - 62. Is h a prime number?
True
Suppose -2*v = 4*m - v - 1639, -2*m + 4*v + 806 = 0. Is m a composite number?
False
Suppose -2 = 3*c + 19. Is (-1 - -376) + c + 5 a prime number?
True
Let u = 1224 - 643. Is u a prime number?
False
Let k(v) = -21*v - 1. Let l(f) = f**2 - 3*f + 1. Let b be l(2). Let q be k(b). Let i = q + 99. Is i a composite number?
True
Suppose n - 2*u - 3*u = 392, -5*n + 1912 = -u. Is n a composite number?
True
Suppose -4*n + 6*n = 8. Suppose 5*f - n*f + 4*p - 207 = 0, -3*f - 3*p = -657. Is f prime?
True
Suppose 4*k = 4*a + 28, 4*k + 0*a + 4 = -4*a. Is k prime?
True
Let s = -64 - -242. Is s a composite number?
True
Suppose 3*j = 4*q + 2*j - 581, 575 = 4*q + 5*j. Is q a composite number?
True
Let r = 3077 - 856. Is r a composite number?
False
Let u be (-3 - -6) + 0 + 0. Is 3 + (u/(-3) - -9) a composite number?
False
Let p be 1 + 0 - (-3 - -2). Suppose -2 = -2*h + 5*r - 7, -2*r = -6. Suppose 2*g - 51 = -3*w + 2*w, 247 = h*w + p*g. Is w composite?
True
Let n be (1/(-2))/(1/(-148)). Suppose -3*z = -193 - n. Is z a composite number?
False
Suppose -5*q + 195 = 3*z - 1121, -5*q = -5*z - 1300. Suppose 3*g = 425 + q. Let t = -152 + g. Is t prime?
False
Let x = 39 + -27. Let h = 26 - x. Is h a composite number?
True
Let m = 136 + -76. Let k = m + -35. Is k a prime number?
False
Let p = -794 - -2191. Is p prime?
False
Let c be (-1 - 0)*(-2